 + 4. Let n(j) = -b(j) - 2*v(j). List the prime factors of n(-7).
2, 5
Let f(x) = 32*x**2. Let h be f(-1). Let z = 46 - h. Suppose 3*d - c - 4 = z, -c = 5*d - 30. List the prime factors of d.
2, 3
Suppose -6*k + 35 = -25. What are the prime factors of k?
2, 5
Let u(g) = g**2 - 5*g + 5. Let p(c) = c**3 - 4*c**2 + 3*c - 6. Let s be p(4). Let h be u(s). List the prime factors of (-2)/(-4)*2*h.
11
Let r(k) = 6*k**2 + 8*k - 2. Let f(t) = -5*t**2 - 7*t + 2. Let q(w) = -5*f(w) - 4*r(w). List the prime factors of q(2).
2
Let t = 6 + -3. Suppose b = 5*x - 38 - 7, 5*x + t*b = 45. Let g = x - 5. List the prime factors of g.
2
Let p be (6/(-4) - -2)*2. Let w(a) = 13*a**2. Let v be w(p). Suppose v = -4*z + 37. List the prime factors of z.
2, 3
Let w(y) = 0*y**2 + 17 - 5 + y**2 + 20. What are the prime factors of w(0)?
2
Let s(f) = -f**3 + 9*f**2 + 3. Let k be s(9). Suppose 4*p = 18 - 70. Let t = k - p. What are the prime factors of t?
2
Suppose s = 5*i + 2*s - 56, -4*i + 40 = -4*s. List the prime factors of i.
11
Let k = 114 + -17. List the prime factors of k.
97
Let o(h) = 17*h - 6. What are the prime factors of o(5)?
79
Suppose -3*n + 2*n = -8. Let p(a) be the first derivative of a**3/3 - 7*a**2/2 + 5*a + 13. List the prime factors of p(n).
13
Suppose -25 = -m + 3*j - 2*j, 99 = 3*m + 5*j. What are the prime factors of m?
2, 7
Let b be -6*2/(-16)*16. Suppose r = 4*x + b, 4*x + 0*x = 5*r - 76. What are the prime factors of r?
2
Suppose 0 = a - 2 - 1. Suppose -a*y = -3*w - 48, 50 = 4*y - 2*w - 4. List the prime factors of y.
11
Suppose -4*d + n + 0*n - 36 = 0, 2*d + 3*n = -32. Let b = 30 + d. What are the prime factors of b?
2, 5
Suppose 31 = 5*v - 144. Suppose -5*u + v = -0*u + h, 4*u - 28 = 3*h. What are the prime factors of u?
7
What are the prime factors of -4 + 53 - (-2)/(-1)?
47
Suppose z = -2*i + 78, -2*i + 3*i = -z + 39. List the prime factors of i.
3, 13
Let n be (-2 + (-2)/(-2))*-5. Suppose -6*z + 15 = -n*z. List the prime factors of z.
3, 5
Suppose -l + 5*w + 74 = 0, -4*l - 2*w + 191 = -w. Let j = -46 + 11. Let o = j + l. List the prime factors of o.
2, 7
Suppose 3*u - 20 = -u. Suppose 0 = u*w - 0*w + 5. List the prime factors of (-10)/(-1*2) + w.
2
Suppose 0 = c + 4*m, -4*c + 16 = -2*m - 2. Suppose 12 = c*i - 4*g, -4*i - 2*g + 47 = 11. Let t = 13 - i. What are the prime factors of t?
2, 3
What are the prime factors of 3 + (5 - 4) + 41?
3, 5
List the prime factors of 5*11*2/5.
2, 11
Let r(q) = q + 1. Let y(k) = -11*k + 5. Let n(t) = -2*r(t) + y(t). List the prime factors of n(-2).
29
Let c = -3 + 8. Let r(o) = -o**3 + 6*o**2 - 6*o - 3. Let u be r(c). What are the prime factors of ((-4)/8)/(1/u)?
2
Let d = -13 - -23. Let n(s) = -s**3 + 3*s**2 + 4*s - 4. Let o be n(4). What are the prime factors of (-2*d/o)/1?
5
Let j = 23 - 17. What are the prime factors of j?
2, 3
Suppose 5*n + 3*h + 35 = 113, 3*n - 34 = -5*h. List the prime factors of n.
2, 3
Suppose 2*m - 190 - 156 = 0. List the prime factors of m.
173
Let o be -3*-3*78/27. Suppose 4*f - 2 = -o. Let n(w) = -w**3 - 6*w**2 - w + 1. List the prime factors of n(f).
7
Suppose -2*h + 18 = c, -8*h + 32 = -3*h - 4*c. Suppose -5*q + 38 - h = 0. List the prime factors of (0 + -6)/(-3) + q.
2
Let b(r) = r**3 + 7*r**2 + 6*r. Let u be b(-6). Let n be 0*((-3)/3 - u). List the prime factors of 2 - n - (-1 + -2).
5
Let h(r) be the second derivative of -r**5/20 - r**4/2 - r**3/6 + r**2 + 2*r. Let x be h(-6). Suppose 2*c - x = c. List the prime factors of c.
2
What are the prime factors of 4/(-22) - (-1935)/55?
5, 7
Let z(k) = k**2 + 7*k + 21. What are the prime factors of z(-12)?
3
Let j = 52 - -88. List the prime factors of j.
2, 5, 7
Let h be 0 + 0/((-4)/(-2)). Suppose h*n = 2*n + 12. List the prime factors of 3/n - 50/(-4).
2, 3
Let l(s) = -2*s - 9. Let h be l(-7). Suppose -95 = -h*n + 5. What are the prime factors of n?
2, 5
Let a = 22 + -8. What are the prime factors of a?
2, 7
Suppose k = -3*r + 57, 0*r - r + 4*k + 6 = 0. Suppose g + r = 4*g. List the prime factors of g.
2, 3
Suppose 3*d = 10*d - 252. What are the prime factors of d?
2, 3
Let z be 2/6 - (-75)/(-9). Suppose g - 24 = -2*g. Let k = g - z. List the prime factors of k.
2
Suppose 2*l - 4*z = -2*l - 388, 2*l = z - 191. Let k = l + 150. Suppose -5*v = x - k, -2*x - 45 = -4*v - 3*x. List the prime factors of v.
11
Let q = 8 - 15. Let b(c) = -c**3 - 7*c**2 - c - 5. Let j be b(q). Suppose 0 = j*i + z - 11, 0*i - i + 2*z - 2 = 0. List the prime factors of i.
2
List the prime factors of 2/((-2)/8 - (-69)/244).
61
Suppose -25*h + 5194 = -1431. What are the prime factors of h?
5, 53
Let x = -9 + 11. Suppose 2 = -x*i, 5*i = 3*y - 8*y + 50. Suppose -w + 0 = -y. List the prime factors of w.
11
Let w = 12 + -16. Let i = -1 - w. List the prime factors of i.
3
Let b(o) = 5*o**3 + 3*o - 2. Let v be b(2). Let y = v + -14. What are the prime factors of y?
2, 3, 5
Suppose -c + 5 = 4*q - q, -9 = q + 3*c. Suppose z = q*z - 14. What are the prime factors of z?
7
Let k = 133 + -95. List the prime factors of k.
2, 19
Let j(a) = -3*a**2 + 13*a - 2. Let i be (-9 - 1)*4/5. Let z(y) = -y**2 + 4*y - 1. Let g(o) = i*z(o) + 3*j(o). What are the prime factors of g(6)?
2
Let l(m) = 215*m**2 - 5*m + 6. What are the prime factors of l(1)?
2, 3
Let g be 2*(-1)/(-6)*-21. Let s = g - -12. Suppose -3*n + 42 = 3*x, -x + 15 = -s*n + 97. List the prime factors of n.
2
Let z(c) be the first derivative of -c**2/2 + 8*c + 3. List the prime factors of z(-8).
2
Let c be -10 - 2/(0 - -1). Let r be (3 + -2)*c/4. List the prime factors of (126/(-12))/(r/4).
2, 7
Suppose 0 = -6*s + 337 - 31. List the prime factors of s.
3, 17
Suppose -66 + 6 = -5*j. Suppose 0*r - l = 2*r + 4, 5*r + 3*l + j = 0. Suppose -5*i - 2*c = -35, 3*i + 5*c - 1 - 1 = r. List the prime factors of i.
3
Let t = 11 - -1. Let f(a) = -a**3 + 4*a**2 - a - 3. Let y be f(3). Suppose t + 24 = y*p. List the prime factors of p.
2, 3
Suppose -3*s = 9, 5*s = -4*f + 6 + 3. Suppose -4 = 4*t, -t = l - f - 9. What are the prime factors of l?
2
Suppose 3*c + 28 = -2. What are the prime factors of c/(-45) - 86/(-18)?
5
Let c(i) = -19*i + 1. Let o be c(1). Let y = -11 - o. List the prime factors of y.
7
Suppose 5*i + 4 = -116. Let c be ((-9)/12)/(2/i). Let n = c - 1. What are the prime factors of n?
2
Let r = -16 + 22. What are the prime factors of r?
2, 3
Let f = -39 + 57. What are the prime factors of f?
2, 3
Let c(g) = -g**2 - 5*g + 1. Let v be c(-4). Suppose -3*j = a - 8, 5*a + 10 = v*j + 110. Let o = a - 7. List the prime factors of o.
2, 5
Let p = -4 + 4. What are the prime factors of 20*1 + p - 1?
19
Let x(y) = 10 - 5*y**2 + 7*y + 0*y**2 + 4*y**2. List the prime factors of x(7).
2, 5
Suppose 2*c - 60 = -4*g, -6*c + 2*c + 3*g + 142 = 0. Suppose -5*o = -1 - c. List the prime factors of o.
7
Suppose 0*u + u - 2 = 0. List the prime factors of 71/4 + u/8.
2, 3
Suppose -2*n - 5*x = -50, -n + 3 = 2*x - 5*x. List the prime factors of n.
3, 5
Suppose 5*z - 54 = -3*s, -s + 4*z + 41 = 6. List the prime factors of s.
23
Let i = 364 - -53. List the prime factors of i.
3, 139
Suppose -5*f = -11 - 4. Let s(n) = n**2 + 8*n + 5. Let r be s(-7). List the prime factors of (1 - 10)*r/f.
2, 3
Suppose -p - 12 = -74. List the prime factors of p.
2, 31
Suppose 2*d + 5*w - 6 = 7, 0 = -d - 3*w + 7. Suppose 3*u + 5*j = d*u, -j = -3*u + 14. Let m = 9 - u. List the prime factors of m.
2
Let o be 3/12*-2*0. List the prime factors of (12 - -1)*(1 + o).
13
Let b = 93 - -42. List the prime factors of b.
3, 5
Suppose 6*q + 295 = q. Let n = q - -101. Suppose 0 = 2*m - 4*u - n, 27 = m + m + u. What are the prime factors of m?
3, 5
Let d = -135 + 243. What are the prime factors of d?
2, 3
Let q(z) = 9*z**3 + 6*z**2 - 7*z - 3. List the prime factors of q(3).
3, 7, 13
Suppose 0*z + 6 = 3*z. Let p(v) = -v**3 + 4*v**2 - 3*v. Let b be p(z). Suppose -j + 4*j = -5*r + 6, b*j = 2*r + 20. List the prime factors of j.
7
List the prime factors of ((1 - 1) + -13 + 12)*-10.
2, 5
Suppose -5*r - l + 584 = 0, -r + 4*l - 6*l + 124 = 0. What are the prime factors of r?
2, 29
Let b = 1 - 4. Let u be (-9)/(-15)*(38 + b). Let l = -4 + u. What are the prime factors of l?
17
Suppose 4*k - 2*f + 6 = -5*f, -10 = -3*k + 5*f. Suppose k*i + 25 = 5*i. Suppose i*h = -3 + 73. List the prime factor